{"id":828,"date":"2022-11-01T16:28:59","date_gmt":"2022-11-01T16:28:59","guid":{"rendered":"http:\/\/patenrengas.fi\/?post_type=product&#038;p=828"},"modified":"2025-10-10T16:06:50","modified_gmt":"2025-10-10T14:06:50","slug":"sonar-powderhound-pv-1-pakettiauton-rengas-15","status":"publish","type":"product","link":"https:\/\/patenrengas.fi\/?product=sonar-powderhound-pv-1-pakettiauton-rengas-15","title":{"rendered":"Nankang Ice Activa IV-1, pakettiauton rengas 15&#8243;C"},"content":{"rendered":"","protected":false},"excerpt":{"rendered":"<p>195\/70 R15 C <strong>460\u20ac<\/strong><\/p>\n<pre><strong>Hinnat sis\u00e4lt\u00e4\u00e4 rengasty\u00f6t\r\nja tasapainoitukset.<\/strong><\/pre>\n<p><strong>\u00a0<\/strong><\/p>\n","protected":false},"featured_media":1062,"template":"","meta":[],"product_brand":[],"product_cat":[67,47],"product_tag":[19,50,100,101],"class_list":{"0":"post-828","1":"product","2":"type-product","3":"status-publish","4":"has-post-thumbnail","6":"product_cat-15-nastarengas","7":"product_cat-talvirenkaat","8":"product_tag-15tuumaa","9":"product_tag-nasta","10":"product_tag-pakettiauto","11":"product_tag-sonar","13":"first","14":"instock","15":"shipping-taxable","16":"product-type-simple"},"_links":{"self":[{"href":"https:\/\/patenrengas.fi\/index.php?rest_route=\/wp\/v2\/product\/828","targetHints":{"allow":["GET"]}}],"collection":[{"href":"https:\/\/patenrengas.fi\/index.php?rest_route=\/wp\/v2\/product"}],"about":[{"href":"https:\/\/patenrengas.fi\/index.php?rest_route=\/wp\/v2\/types\/product"}],"wp:featuredmedia":[{"embeddable":true,"href":"https:\/\/patenrengas.fi\/index.php?rest_route=\/wp\/v2\/media\/1062"}],"wp:attachment":[{"href":"https:\/\/patenrengas.fi\/index.php?rest_route=%2Fwp%2Fv2%2Fmedia&parent=828"}],"wp:term":[{"taxonomy":"product_brand","embeddable":true,"href":"https:\/\/patenrengas.fi\/index.php?rest_route=%2Fwp%2Fv2%2Fproduct_brand&post=828"},{"taxonomy":"product_cat","embeddable":true,"href":"https:\/\/patenrengas.fi\/index.php?rest_route=%2Fwp%2Fv2%2Fproduct_cat&post=828"},{"taxonomy":"product_tag","embeddable":true,"href":"https:\/\/patenrengas.fi\/index.php?rest_route=%2Fwp%2Fv2%2Fproduct_tag&post=828"}],"curies":[{"name":"wp","href":"https:\/\/api.w.org\/{rel}","templated":true}]}}