{"id":689,"date":"2021-03-01T09:09:24","date_gmt":"2021-03-01T09:09:24","guid":{"rendered":"http:\/\/patenrengas.fi\/?post_type=product&#038;p=689"},"modified":"2026-03-19T21:57:57","modified_gmt":"2026-03-19T19:57:57","slug":"kormoran-road-16-2","status":"publish","type":"product","link":"https:\/\/patenrengas.fi\/?product=kormoran-road-16-2","title":{"rendered":"Kumho HS52 16&#8243;"},"content":{"rendered":"<p>Kumho Ecsta HS52 on premium-kes\u00e4rengas, joka on kehitetty moderneille henkil\u00f6autoille. Rengas yhdist\u00e4\u00e4 hyv\u00e4n pidon ja pitk\u00e4n k\u00e4ytt\u00f6i\u00e4n mukavuuteen ja alhaiseen melutasoon. Kehittynyt kumiseos ja huolellisesti suunniteltu pintakuvio tarjoavat sek\u00e4 vakautta ett\u00e4 ajonautintoa \u2013 niin arjessa kuin pidemmill\u00e4 moottoritieajoilla.<\/p>\n","protected":false},"excerpt":{"rendered":"<p>Erinomainen pito sek\u00e4 kuivilla ett\u00e4 m\u00e4rill\u00e4 teill\u00e4, Pitk\u00e4 k\u00e4ytt\u00f6ik\u00e4 ja kulutuskest\u00e4vyys, Hiljainen ja mukava ajokokemus, Optimaalinen ohjaustarkkuus.<\/p>\n<p><strong><br \/>\n<\/strong>195\/55&#215;16<strong> 460\u20ac<\/strong><br \/>\n205\/55&#215;16\u00a0 <strong>380\u20ac<\/strong><br \/>\n215\/55&#215;16\u00a0 <strong>500\u20ac<\/strong><br \/>\n215\/60&#215;16\u00a0<strong> 575\u20ac<\/strong><\/p>\n<p><strong>Hinnat sis\u00e4lt\u00e4v\u00e4t asennusty\u00f6n.\u00a0<\/strong><\/p>\n","protected":false},"featured_media":1123,"template":"","meta":[],"product_brand":[],"product_cat":[94,32,84],"product_tag":[20,29],"class_list":{"0":"post-689","1":"product","2":"type-product","3":"status-publish","4":"has-post-thumbnail","6":"product_cat-16-kesarengas","7":"product_cat-kesarengas","8":"product_cat-tarjoukset","9":"product_tag-16tuumaa","10":"product_tag-kormoran","12":"first","13":"instock","14":"shipping-taxable","15":"product-type-simple"},"_links":{"self":[{"href":"https:\/\/patenrengas.fi\/index.php?rest_route=\/wp\/v2\/product\/689","targetHints":{"allow":["GET"]}}],"collection":[{"href":"https:\/\/patenrengas.fi\/index.php?rest_route=\/wp\/v2\/product"}],"about":[{"href":"https:\/\/patenrengas.fi\/index.php?rest_route=\/wp\/v2\/types\/product"}],"wp:featuredmedia":[{"embeddable":true,"href":"https:\/\/patenrengas.fi\/index.php?rest_route=\/wp\/v2\/media\/1123"}],"wp:attachment":[{"href":"https:\/\/patenrengas.fi\/index.php?rest_route=%2Fwp%2Fv2%2Fmedia&parent=689"}],"wp:term":[{"taxonomy":"product_brand","embeddable":true,"href":"https:\/\/patenrengas.fi\/index.php?rest_route=%2Fwp%2Fv2%2Fproduct_brand&post=689"},{"taxonomy":"product_cat","embeddable":true,"href":"https:\/\/patenrengas.fi\/index.php?rest_route=%2Fwp%2Fv2%2Fproduct_cat&post=689"},{"taxonomy":"product_tag","embeddable":true,"href":"https:\/\/patenrengas.fi\/index.php?rest_route=%2Fwp%2Fv2%2Fproduct_tag&post=689"}],"curies":[{"name":"wp","href":"https:\/\/api.w.org\/{rel}","templated":true}]}}