{"id":679,"date":"2021-02-26T08:48:29","date_gmt":"2021-02-26T08:48:29","guid":{"rendered":"http:\/\/patenrengas.fi\/?post_type=product&#038;p=679"},"modified":"2026-02-26T09:59:46","modified_gmt":"2026-02-26T07:59:46","slug":"kormoran-road-16","status":"publish","type":"product","link":"https:\/\/patenrengas.fi\/?product=kormoran-road-16","title":{"rendered":"Kumho EcoWing ES31 16&#8243;"},"content":{"rendered":"<p>Kumho Ecowing ES31 on optimoitu s\u00e4\u00e4st\u00e4m\u00e4\u00e4n polttoainetta, ja se tarjoaa paremman suorituskyvyn m\u00e4riss\u00e4 ja kuivissa olosuhteissa.<\/p>\n","protected":false},"excerpt":{"rendered":"<p>Kumho on keskiluokan rengas joka tarjoaa hyv\u00e4n hinta\/laatu suhteen.<\/p>\n<p>205\/60&#215;16 <strong>440\u20ac<\/strong><strong><br \/>\n<\/strong>215\/65&#215;16\u00a0 <strong>460\u20ac<\/strong><\/p>\n<p><strong>Hinnat sis\u00e4lt\u00e4v\u00e4t asennusty\u00f6n.<\/strong><\/p>\n","protected":false},"featured_media":1057,"template":"","meta":[],"product_brand":[],"product_cat":[94,32],"product_tag":[],"class_list":{"0":"post-679","1":"product","2":"type-product","3":"status-publish","4":"has-post-thumbnail","6":"product_cat-16-kesarengas","7":"product_cat-kesarengas","9":"first","10":"instock","11":"shipping-taxable","12":"product-type-simple"},"_links":{"self":[{"href":"https:\/\/patenrengas.fi\/index.php?rest_route=\/wp\/v2\/product\/679","targetHints":{"allow":["GET"]}}],"collection":[{"href":"https:\/\/patenrengas.fi\/index.php?rest_route=\/wp\/v2\/product"}],"about":[{"href":"https:\/\/patenrengas.fi\/index.php?rest_route=\/wp\/v2\/types\/product"}],"wp:featuredmedia":[{"embeddable":true,"href":"https:\/\/patenrengas.fi\/index.php?rest_route=\/wp\/v2\/media\/1057"}],"wp:attachment":[{"href":"https:\/\/patenrengas.fi\/index.php?rest_route=%2Fwp%2Fv2%2Fmedia&parent=679"}],"wp:term":[{"taxonomy":"product_brand","embeddable":true,"href":"https:\/\/patenrengas.fi\/index.php?rest_route=%2Fwp%2Fv2%2Fproduct_brand&post=679"},{"taxonomy":"product_cat","embeddable":true,"href":"https:\/\/patenrengas.fi\/index.php?rest_route=%2Fwp%2Fv2%2Fproduct_cat&post=679"},{"taxonomy":"product_tag","embeddable":true,"href":"https:\/\/patenrengas.fi\/index.php?rest_route=%2Fwp%2Fv2%2Fproduct_tag&post=679"}],"curies":[{"name":"wp","href":"https:\/\/api.w.org\/{rel}","templated":true}]}}