{"id":299,"date":"2020-10-09T08:36:32","date_gmt":"2020-10-09T08:36:32","guid":{"rendered":"http:\/\/patenrengas.fi\/?post_type=product&#038;p=299"},"modified":"2024-10-08T22:13:20","modified_gmt":"2024-10-08T20:13:20","slug":"michelin-x-ice-north-4","status":"publish","type":"product","link":"https:\/\/patenrengas.fi\/?product=michelin-x-ice-north-4","title":{"rendered":"Michelin X-ice North 4 15&#8243;"},"content":{"rendered":"<p><strong>Poikkeuksellinen kiihdytys- ja jarrutuskyky j\u00e4\u00e4ll\u00e4 250 nastan ansiosta.<\/strong><\/p>\n<p><strong>Huippuluokan turvallisuutta.<\/strong><\/p>\n<p>Renkaan pintakuvio on suunniteltu niin, ett\u00e4 siihen on voitu sijoittaa suuri m\u00e4\u00e4r\u00e4 nastoja sek\u00e4 kulutuspinnan keskelle ett\u00e4 reunoille. Renkaassa on yhteens\u00e4 22 samansuuntaista nastoitusrivi\u00e4. Suunnittelun ansiosta nastat on sijoitettu niin, ett\u00e4 renkaan pito on optimaalinen ja sen melutaso on alhainen.<\/p>\n","protected":false},"excerpt":{"rendered":"<p>Poikkeuksellinen kiihdytys- ja jarrutuskyky j\u00e4\u00e4ll\u00e4 250 nastan ansiosta.<\/p>\n<p>185\/65 R15<strong> 565\u20ac<br \/>\n<\/strong>195\/65 R15<strong> 580\u20ac<br \/>\n<\/strong><\/p>\n<p>&nbsp;<\/p>\n<pre><strong>Hinnat sis\u00e4lt\u00e4\u00e4 rengasty\u00f6t\r\nja tasapainoitukset<\/strong>.<\/pre>\n","protected":false},"featured_media":300,"template":"","meta":[],"product_brand":[],"product_cat":[67,33],"product_tag":[19,27,63,71,72],"class_list":{"0":"post-299","1":"product","2":"type-product","3":"status-publish","4":"has-post-thumbnail","6":"product_cat-15-nastarengas","7":"product_cat-nastarengas","8":"product_tag-15tuumaa","9":"product_tag-michelin","10":"product_tag-x-ice","11":"product_tag-x-ice-north","12":"product_tag-x-ice-north-4","14":"first","15":"instock","16":"shipping-taxable","17":"product-type-simple"},"_links":{"self":[{"href":"https:\/\/patenrengas.fi\/index.php?rest_route=\/wp\/v2\/product\/299","targetHints":{"allow":["GET"]}}],"collection":[{"href":"https:\/\/patenrengas.fi\/index.php?rest_route=\/wp\/v2\/product"}],"about":[{"href":"https:\/\/patenrengas.fi\/index.php?rest_route=\/wp\/v2\/types\/product"}],"wp:featuredmedia":[{"embeddable":true,"href":"https:\/\/patenrengas.fi\/index.php?rest_route=\/wp\/v2\/media\/300"}],"wp:attachment":[{"href":"https:\/\/patenrengas.fi\/index.php?rest_route=%2Fwp%2Fv2%2Fmedia&parent=299"}],"wp:term":[{"taxonomy":"product_brand","embeddable":true,"href":"https:\/\/patenrengas.fi\/index.php?rest_route=%2Fwp%2Fv2%2Fproduct_brand&post=299"},{"taxonomy":"product_cat","embeddable":true,"href":"https:\/\/patenrengas.fi\/index.php?rest_route=%2Fwp%2Fv2%2Fproduct_cat&post=299"},{"taxonomy":"product_tag","embeddable":true,"href":"https:\/\/patenrengas.fi\/index.php?rest_route=%2Fwp%2Fv2%2Fproduct_tag&post=299"}],"curies":[{"name":"wp","href":"https:\/\/api.w.org\/{rel}","templated":true}]}}