{"id":1137,"date":"2026-03-01T23:35:40","date_gmt":"2026-03-01T21:35:40","guid":{"rendered":"https:\/\/patenrengas.fi\/?post_type=product&#038;p=1137"},"modified":"2026-03-01T23:35:40","modified_gmt":"2026-03-01T21:35:40","slug":"michelin-primacy-5-18","status":"publish","type":"product","link":"https:\/\/patenrengas.fi\/?product=michelin-primacy-5-18","title":{"rendered":"Michelin Primacy 5 18&#8243;"},"content":{"rendered":"<pre>Turvallisuutta ensimm\u00e4isest\u00e4 kilometrist\u00e4 viimeiseen.\r\n<\/pre>\n","protected":false},"excerpt":{"rendered":"<pre>Turvallisuutta ensimm\u00e4isest\u00e4 kilometrist\u00e4 viimeiseen.\r\n\r\n225\/40 R18 <strong>810\u20ac\r\n<\/strong>225\/45 R18 <strong>810\u20ac\r\n<\/strong>235\/45 R18<strong> 890\u20ac\r\n<\/strong>245\/45 R18 <strong>810\u20ac\r\n<\/strong>225\/50 R18 <strong>880\u20ac\r\n<\/strong>235\/50 R18 <strong>910\u20ac\r\n<\/strong>215\/55 R18 <strong>790\u20ac\r\n<\/strong>225\/55 R18<strong> 835\u20ac\r\n<\/strong>235\/55 R18 <strong>920\u20ac\r\n<\/strong>225\/60 R18 <strong>790\u20ac\r\n<\/strong>235\/60 R18<strong> 910\u20ac<\/strong><\/pre>\n<p><strong>Hinnat sis\u00e4lt\u00e4\u00e4 asennusty\u00f6t.<\/strong><\/p>\n","protected":false},"featured_media":1055,"template":"","meta":[],"product_brand":[],"product_cat":[96,32],"product_tag":[],"class_list":{"0":"post-1137","1":"product","2":"type-product","3":"status-publish","4":"has-post-thumbnail","6":"product_cat-18-kesarengas","7":"product_cat-kesarengas","9":"first","10":"instock","11":"shipping-taxable","12":"product-type-simple"},"_links":{"self":[{"href":"https:\/\/patenrengas.fi\/index.php?rest_route=\/wp\/v2\/product\/1137","targetHints":{"allow":["GET"]}}],"collection":[{"href":"https:\/\/patenrengas.fi\/index.php?rest_route=\/wp\/v2\/product"}],"about":[{"href":"https:\/\/patenrengas.fi\/index.php?rest_route=\/wp\/v2\/types\/product"}],"wp:featuredmedia":[{"embeddable":true,"href":"https:\/\/patenrengas.fi\/index.php?rest_route=\/wp\/v2\/media\/1055"}],"wp:attachment":[{"href":"https:\/\/patenrengas.fi\/index.php?rest_route=%2Fwp%2Fv2%2Fmedia&parent=1137"}],"wp:term":[{"taxonomy":"product_brand","embeddable":true,"href":"https:\/\/patenrengas.fi\/index.php?rest_route=%2Fwp%2Fv2%2Fproduct_brand&post=1137"},{"taxonomy":"product_cat","embeddable":true,"href":"https:\/\/patenrengas.fi\/index.php?rest_route=%2Fwp%2Fv2%2Fproduct_cat&post=1137"},{"taxonomy":"product_tag","embeddable":true,"href":"https:\/\/patenrengas.fi\/index.php?rest_route=%2Fwp%2Fv2%2Fproduct_tag&post=1137"}],"curies":[{"name":"wp","href":"https:\/\/api.w.org\/{rel}","templated":true}]}}