{"id":1043,"date":"2024-10-08T20:26:06","date_gmt":"2024-10-08T18:26:06","guid":{"rendered":"https:\/\/patenrengas.fi\/?post_type=product&#038;p=1043"},"modified":"2024-10-21T08:29:35","modified_gmt":"2024-10-21T06:29:35","slug":"nankang-sw-8-15","status":"publish","type":"product","link":"https:\/\/patenrengas.fi\/?product=nankang-sw-8-15","title":{"rendered":"Nankang SW-8 15&#8243;"},"content":{"rendered":"","protected":false},"excerpt":{"rendered":"<p>175\/65 R15 <strong>395\u20ac (sw-9)<\/strong><br \/>\n185\/65 R15 <strong>395\u20ac<br \/>\n<\/strong>195\/65 R15<strong> 395\u20ac<\/strong><\/p>\n<p><strong>Hinnat sis\u00e4lt\u00e4\u00e4 rengasty\u00f6t ja tasapainoitukset<\/strong>.<\/p>\n","protected":false},"featured_media":1044,"template":"","meta":[],"product_brand":[],"product_cat":[67,33],"product_tag":[],"class_list":{"0":"post-1043","1":"product","2":"type-product","3":"status-publish","4":"has-post-thumbnail","6":"product_cat-15-nastarengas","7":"product_cat-nastarengas","9":"first","10":"instock","11":"shipping-taxable","12":"product-type-simple"},"_links":{"self":[{"href":"https:\/\/patenrengas.fi\/index.php?rest_route=\/wp\/v2\/product\/1043","targetHints":{"allow":["GET"]}}],"collection":[{"href":"https:\/\/patenrengas.fi\/index.php?rest_route=\/wp\/v2\/product"}],"about":[{"href":"https:\/\/patenrengas.fi\/index.php?rest_route=\/wp\/v2\/types\/product"}],"wp:featuredmedia":[{"embeddable":true,"href":"https:\/\/patenrengas.fi\/index.php?rest_route=\/wp\/v2\/media\/1044"}],"wp:attachment":[{"href":"https:\/\/patenrengas.fi\/index.php?rest_route=%2Fwp%2Fv2%2Fmedia&parent=1043"}],"wp:term":[{"taxonomy":"product_brand","embeddable":true,"href":"https:\/\/patenrengas.fi\/index.php?rest_route=%2Fwp%2Fv2%2Fproduct_brand&post=1043"},{"taxonomy":"product_cat","embeddable":true,"href":"https:\/\/patenrengas.fi\/index.php?rest_route=%2Fwp%2Fv2%2Fproduct_cat&post=1043"},{"taxonomy":"product_tag","embeddable":true,"href":"https:\/\/patenrengas.fi\/index.php?rest_route=%2Fwp%2Fv2%2Fproduct_tag&post=1043"}],"curies":[{"name":"wp","href":"https:\/\/api.w.org\/{rel}","templated":true}]}}