{"id":156,"date":"2020-10-07T09:45:45","date_gmt":"2020-10-07T09:45:45","guid":{"rendered":"http:\/\/patenrengas.fi\/?page_id=156"},"modified":"2024-06-26T13:49:32","modified_gmt":"2024-06-26T11:49:32","slug":"yhteystiedot","status":"publish","type":"page","link":"https:\/\/patenrengas.fi\/?page_id=156","title":{"rendered":"Yhteystiedot"},"content":{"rendered":"\t\t<div data-elementor-type=\"wp-page\" data-elementor-id=\"156\" class=\"elementor elementor-156\">\n\t\t\t\t\t\t<section class=\"elementor-section elementor-top-section elementor-element elementor-element-66c2ad9 elementor-section-content-middle elementor-section-boxed elementor-section-height-default elementor-section-height-default\" data-id=\"66c2ad9\" data-element_type=\"section\" data-e-type=\"section\">\n\t\t\t\t\t\t<div class=\"elementor-container elementor-column-gap-narrow\">\n\t\t\t\t\t<div class=\"elementor-column elementor-col-50 elementor-top-column elementor-element elementor-element-ac7721d\" data-id=\"ac7721d\" data-element_type=\"column\" data-e-type=\"column\">\n\t\t\t<div class=\"elementor-widget-wrap elementor-element-populated\">\n\t\t\t\t\t\t<div class=\"elementor-element elementor-element-3ef4e17 elementor-widget elementor-widget-text-editor\" data-id=\"3ef4e17\" data-element_type=\"widget\" data-e-type=\"widget\" data-widget_type=\"text-editor.default\">\n\t\t\t\t<div class=\"elementor-widget-container\">\n\t\t\t\t\t\t\t\t\t<h2>Yhteystiedot<\/h2><p><strong>OSOITE:<\/strong><br \/>Korjuuntie 17-19<br \/>28360 Pori<\/p><p><strong>PUHELINNUMEROT:<br \/><\/strong>Myynti 040 5582 632<br \/><span style=\"color: inherit; font-family: var( --e-global-typography-text-font-family ), Sans-serif;\">050 4411 649<\/span><\/p><p><strong>S\u00c4HK\u00d6POSTI:<\/strong><br \/><img decoding=\"async\" class=\"alignnone\" src=\"https:\/\/patenrengas.fi\/wp-content\/uploads\/2020\/10\/info_sposti2.png\" alt=\"\" width=\"147\" height=\"20\" \/><\/p><p><strong>AVOINNA:<br \/><\/strong>Arkisin: 8.00 &#8211; 17.00<br \/>Lauantaisin:\u00a0SULJETTU!<br \/>(Paitsi sesonkiaikoina)<\/p><p>Sesonkiaikoina liikkeemme on auki tarvittaessa iltamy\u00f6h\u00e4\u00e4n.<\/p>\t\t\t\t\t\t\t\t<\/div>\n\t\t\t\t<\/div>\n\t\t\t\t\t<\/div>\n\t\t<\/div>\n\t\t\t\t<div class=\"elementor-column elementor-col-50 elementor-top-column elementor-element elementor-element-df9ade2\" data-id=\"df9ade2\" data-element_type=\"column\" data-e-type=\"column\">\n\t\t\t<div class=\"elementor-widget-wrap elementor-element-populated\">\n\t\t\t\t\t\t<div class=\"elementor-element elementor-element-43dca0e elementor-widget elementor-widget-google_maps\" data-id=\"43dca0e\" data-element_type=\"widget\" data-e-type=\"widget\" data-widget_type=\"google_maps.default\">\n\t\t\t\t<div class=\"elementor-widget-container\">\n\t\t\t\t\t\t\t<div class=\"elementor-custom-embed\">\n\t\t\t<iframe loading=\"lazy\"\n\t\t\t\t\tsrc=\"https:\/\/maps.google.com\/maps?q=korjuuntie%2017-19&#038;t=m&#038;z=14&#038;output=embed&#038;iwloc=near\"\n\t\t\t\t\ttitle=\"korjuuntie 17-19\"\n\t\t\t\t\taria-label=\"korjuuntie 17-19\"\n\t\t\t><\/iframe>\n\t\t<\/div>\n\t\t\t\t\t\t<\/div>\n\t\t\t\t<\/div>\n\t\t\t\t\t<\/div>\n\t\t<\/div>\n\t\t\t\t\t<\/div>\n\t\t<\/section>\n\t\t\t\t<\/div>\n\t\t","protected":false},"excerpt":{"rendered":"<p>Yhteystiedot OSOITE:Korjuuntie 17-1928360 Pori PUHELINNUMEROT:Myynti 040 5582 632050 4411 649 S\u00c4HK\u00d6POSTI: AVOINNA:Arkisin: 8.00 &#8211; 17.00Lauantaisin:\u00a0SULJETTU!(Paitsi sesonkiaikoina) Sesonkiaikoina liikkeemme on auki tarvittaessa iltamy\u00f6h\u00e4\u00e4n.<\/p>\n","protected":false},"author":1,"featured_media":0,"parent":0,"menu_order":0,"comment_status":"closed","ping_status":"closed","template":"","meta":{"footnotes":""},"class_list":["post-156","page","type-page","status-publish","hentry"],"_links":{"self":[{"href":"https:\/\/patenrengas.fi\/index.php?rest_route=\/wp\/v2\/pages\/156","targetHints":{"allow":["GET"]}}],"collection":[{"href":"https:\/\/patenrengas.fi\/index.php?rest_route=\/wp\/v2\/pages"}],"about":[{"href":"https:\/\/patenrengas.fi\/index.php?rest_route=\/wp\/v2\/types\/page"}],"author":[{"embeddable":true,"href":"https:\/\/patenrengas.fi\/index.php?rest_route=\/wp\/v2\/users\/1"}],"replies":[{"embeddable":true,"href":"https:\/\/patenrengas.fi\/index.php?rest_route=%2Fwp%2Fv2%2Fcomments&post=156"}],"version-history":[{"count":22,"href":"https:\/\/patenrengas.fi\/index.php?rest_route=\/wp\/v2\/pages\/156\/revisions"}],"predecessor-version":[{"id":1034,"href":"https:\/\/patenrengas.fi\/index.php?rest_route=\/wp\/v2\/pages\/156\/revisions\/1034"}],"wp:attachment":[{"href":"https:\/\/patenrengas.fi\/index.php?rest_route=%2Fwp%2Fv2%2Fmedia&parent=156"}],"curies":[{"name":"wp","href":"https:\/\/api.w.org\/{rel}","templated":true}]}}